ctor of 456?
True
Does 168 divide 6164?
False
Is 17 a factor of 1013?
False
Is 213 a multiple of 86?
False
Is 32 a factor of 2048?
True
Is 62492 a multiple of 8?
False
Is 223 a multiple of 2?
False
Is 81 a factor of 81?
True
Is 46 a factor of 737?
False
Is 8 a factor of 100?
False
Does 48 divide 12048?
True
Is 1152 a multiple of 12?
True
Does 9 divide 1780?
False
Is 979 a multiple of 11?
True
Is 322 a multiple of 7?
True
Is 37 a factor of 2734?
False
Is 1689 a multiple of 9?
False
Is 1210 a multiple of 42?
False
Does 27 divide 176?
False
Is 43 a factor of 6923?
True
Does 57 divide 399?
True
Is 18405 a multiple of 15?
True
Is 529 a multiple of 17?
False
Does 290 divide 58269?
False
Is 60 a multiple of 12?
True
Is 56 a factor of 51976?
False
Does 34 divide 5780?
True
Does 4 divide 3012?
True
Does 63 divide 819?
True
Is 39 a factor of 3807?
False
Is 4154 a multiple of 20?
False
Does 9 divide 4878?
True
Is 943 a multiple of 58?
False
Is 545 a multiple of 35?
False
Is 9927 a multiple of 23?
False
Is 770 a multiple of 7?
True
Is 18 a factor of 424?
False
Is 20 a factor of 5249?
False
Is 14 a factor of 3648?
False
Does 6 divide 2646?
True
Does 49 divide 34643?
True
Is 579 even?
False
Is 24 a factor of 1536?
True
Is 6 a factor of 116?
False
Is 80000 a multiple of 320?
True
Is 7 a factor of 35546?
True
Is 17380 a multiple of 11?
True
Is 116 a multiple of 6?
False
Is 103 a multiple of 4?
False
Does 14 divide 390?
False
Is 2336 a multiple of 98?
False
Is 5070 a multiple of 15?
True
Is 128 a factor of 193?
False
Is 37 a factor of 3568?
False
Does 144 divide 2736?
True
Does 2 divide 1704?
True
Is 40 a factor of 1322?
False
Is 12138 a multiple of 17?
True
Does 23 divide 66017?
False
Is 39924 a multiple of 18?
True
Does 6 divide 905?
False
Does 8 divide 472?
True
Does 35 divide 408?
False
Is 123 a multiple of 3?
True
Is 18822 a multiple of 12?
False
Is 107644 a multiple of 68?
True
Is 20 a factor of 6980?
True
Is 606 a multiple of 5?
False
Does 11 divide 16461?
False
Is 13 a factor of 6274?
False
Is 54 a factor of 6171?
False
Is 21 a factor of 11901?
False
Is 1192 a multiple of 8?
True
Does 81 divide 137?
False
Is 12 a factor of 663?
False
Does 28 divide 784?
True
Does 22 divide 467?
False
Is 3648 a multiple of 57?
True
Is 11 a factor of 1126?
False
Is 113 a factor of 53541?
False
Is 4 a factor of 647?
False
Is 3288 a multiple of 24?
True
Does 5 divide 45?
True
Is 5 a factor of 5400?
True
Is 39 a factor of 273?
True
Is 1183 a multiple of 91?
True
Is 5 a factor of 326?
False
Does 10 divide 472?
False
Is 249 a factor of 44260?
False
Is 10 a factor of 67263?
False
Is 79800 a multiple of 95?
True
Is 41 a factor of 1066?
True
Does 37 divide 3050?
False
Does 5 divide 54?
False
Is 735 a multiple of 8?
False
Is 139860 a multiple of 518?
True
Does 41 divide 1398?
False
Is 21944 a multiple of 27?
False
Is 14 a factor of 650?
False
Does 69 divide 3005?
False
Is 27755 a multiple of 156?
False
Is 4 a factor of 2392?
True
Is 26 a factor of 10565?
False
Is 67 a factor of 3165?
False
Is 23 a factor of 33079?
False
Is 15874 a multiple of 30?
False
Is 11 a factor of 527?
False
Does 21 divide 7517?
False
Is 462 a multiple of 22?
True
Is 1807 a multiple of 13?
True
Does 125 divide 6717?
False
Is 40 a factor of 4480?
True
Is 3619 a multiple of 7?
True
Is 2653 a multiple of 29?
False
Is 14 a factor of 518?
True
Does 58 divide 17486?
False
Is 15812 a multiple of 7?
False
Is 89 a factor of 17017?
False
Does 39 divide 27312?
False
Is 8978 a multiple of 12?
False
Is 25980 a multiple of 259?
False
Is 188 a multiple of 3?
False
Is 4050 a multiple of 18?
True
Is 75 a factor of 1838?
False
Is 637 a multiple of 40?
False
Does 14 divide 476?
True
Does 47 divide 1739?
True
Is 13 a factor of 31726?
False
Does 25 divide 425?
True
Does 2 divide 16?
True
Is 11 a factor of 110?
True
Does 14 divide 11948?
False
Is 1602 a multiple of 67?
False
Does 2 divide 944?
True
Does 44 divide 396?
True
Is 5651 a multiple of 25?
False
Does 142 divide 22052?
False
Is 16 a factor of 654?
False
Is 26937 a multiple of 11?
False
Is 9987 a multiple of 6?
False
Does 7 divide 211?
False
Is 3101 a multiple of 8?
False
Is 16 a factor of 66?
False
Is 19 a factor of 5249?
False
Does 14 divide 10206?
True
Is 9 a factor of 11452?
False
Is 128 a factor of 6555?
False
Is 48958 a multiple of 77?
False
Is 24 a factor of 7584?
True
Is 181 a factor of 7459?
False
Is 4 a factor of 405?
False
Is 33 a factor of 1716?
True
Is 13 a factor of 19846?
False
Does 32 divide 320?
True
Is 2940 a multiple of 3?
True
Is 1485 a multiple of 33?
True
Is 2813 a multiple of 97?
True
Does 89 divide 1575?
False
Does 26 divide 29874?
True
Is 13 a factor of 1885?
True
Is 660 a multiple of 10?
True
Is 1766 a multiple of 14?
False
Does 253 divide 26818?
True
Is 6 a factor of 1787?
False
Is 6 a factor of 912?
True
Is 53 a factor of 31906?
True
Is 5 a factor of 16445?
True
Does 6 divide 262?
False
Does 18 divide 2304?
True
Is 33 a factor of 13967?
False
Is 2213 a multiple of 100?
False
Does 19 divide 2869?
True
Does 234 divide 15653?
False
Is 153 a multiple of 5?
False
Does 8 divide 4840?
True
Is 21036 a multiple of 72?
False
Does 74 divide 22801?
False
Is 20 a factor of 9167?
False
Is 21 a factor of 7050?
False
Is 1800 a multiple of 12?
True
Does 63 divide 2331?
True
Is 134 a multiple of 42?
False
Is 1375 a multiple of 55?
True
Does 33 divide 9273?
True
Does 38 divide 20428?
False
Does 12 divide 540?
True
Is 110 a factor of 14019?
False
Is 6680 a multiple of 12?
False
Does 4 divide 196?
True
Is 259 a multiple of 7?
True
Is 8025 a multiple of 11?
False
Is 11 a factor of 2317?
False
Is 34344 a multiple of 108?
True
Does 58 divide 17922?
True
Is 1551 a multiple of 94?
False
Is 372 a multiple of 11?
False
Is 196352 a multiple of 13?
True
Is 31 a factor of 397?
False
Is 8875 a multiple of 25?
True
Is 25536 a multiple of 8?
True
Is 35 a factor of 40802?
False
Is 1473 a multiple of 42?
False
Is 92 a multiple of 4?
True
Does 101 divide 2092?
False
Does 19 divide 68287?
False
Is 11 a factor of 1221?
True
Does 87 divide 781?
False
Is 47 a factor of 56616?
False
Is 56 a factor of 21280?
True
Is 10 a factor of 51840?
True
Is 19 a factor of 55974?
True
Does 2 divide 33?
False
Is 9 a factor of 980?
False
Is 38129 a multiple of 91?
True
Is 32 a factor of 264?
False
Is 74 a factor of 5254?
True
Does 86 divide 6786?
False
Does 21 divide 562?
False
Does 18 divide 1702?
False
Is 77 a factor of 27389?
False
Is 1519 a multiple of 31?
True
Does 57 divide 3413?
False
Does 26 divide 806?
True
Does 109 divide 8066?
True
Is 4256 a multiple of 32?
True
Is 5713 a multiple of 77?
False
Is 18 a factor of 7470?
True
Is 354 a multiple of 3?
True
Is 423 a multiple of 56?
False
Does 11 divide 7396?
False
Does 71 divide 2400?
False
Does 18 divide 25075?
False
Does 41 divide 2255?
True
Is 13 a factor of 91?
True
Does 142 divide 1136?
True
Is 90 a multiple of 3?
True
Does 85 divide 5865?
True
Does 27 divide 1956?
False
Is 17221 a multiple of 120?
False
Is 15660 a multiple of 15?
True
Is 2 a factor of 10527?
False
Is 4141 a multiple of 9?
False
Is 7 a factor of 511?
True
Is 15 a factor of 522?
False
Is 16 a factor of 69783?
False
Is 95 a factor of 5130?
True
Is 10640 a multiple of 8?
True
Does 38 divide 3105?
False
Is 3922 a multiple of 24?
False
Is 22 a factor of 59268?
True
Does 10 divide 1150?
True
Does 98 divide 2169?
False
Does 67 divide 2278?
True
Does 13 divide 8762?
True
Is 231 a multiple of 10?
False
Does 50 divide 9300?
True
Does 11 divide 1282?
False
Is 33 a factor of 5781?
False
Is 3290 a multiple of 70?
True
Is 30 a factor of 90?
True
Does 35 divide 1120?
True
Is 8 a factor of 1248?
True
Is 37 a factor of 570?
False
Does 44 divide 1100?
True
Is 14 a factor of 3500?
True
Is 31 a factor of 4989?
False
Does 28 divide 21931?
False
Is 78 a multiple of 13?
True
Is 20580 a multiple of 98?
True
Is 748 a multiple of 4?
True
Is 24 a factor of 163?
False
Is 141 a factor of 6519?
False
Does 46 divide 1309?
False
Is 5 a factor of 59?
False
Is 19 a factor of 25894?
False
Is 8 a factor of 384?
True
Does 13 divide 2626?
True
Does 44 divide 44880?
True
Is 136 a factor of 13192?
True
Is 72822 a multiple of 208?
False
Is 46 a factor of 725?
False
Is 25549 a multiple of 10?
False
Is 137 a fact